 common divisor of 197 and g?
1
Suppose 172 + 153 = -5*n. Suppose -2*t - t + 222 = 0. Let s = t + n. What is the highest common divisor of 3 and s?
3
Let d(x) = 15*x + 34 - 3*x**3 + 39 + 4*x**3 + 0*x**3 + 3 - 25*x**2. Let u be d(25). Calculate the greatest common factor of 123 and u.
41
Let n = 33 - 15. Suppose 7*t - 826 = 245. Calculate the greatest common divisor of t and n.
9
Let o = -423 + 434. Suppose 784 = o*u + 256. Let s(t) = t**3 + t + 120. Let p be s(0). What is the greatest common factor of u and p?
24
Let u = 351 - 199. Suppose -u = -37*r + 35*r. Calculate the greatest common divisor of 190 and r.
38
Let t(u) = -16*u + 65. Let a be t(13). Let j be (-6)/11 - 20527/a. Let f = -4 + 17. What is the highest common factor of f and j?
13
Suppose -3*f = y + 63, 2*y + 2*y - 78 = 3*f. Let s be 32 + f + -1 + -1. Suppose -544 = -s*c + 576. What is the greatest common divisor of 56 and c?
28
Let x be (-1 - -2)*36/3. Suppose 1214 = 4*i + 62. Calculate the highest common factor of i and x.
12
Let f = 302109 - 302001. Let y be (58/(-4) - -1)*-26. Calculate the highest common factor of f and y.
27
Suppose -5*o + 2*w = -13, 4*o - 17 = -5*w - 0. Suppose 3*f + 3*j = 66, o*j = 2*f + 3*f - 94. Calculate the highest common factor of 30 and f.
10
Suppose -30*n + 22 = -31*n. Let i(r) = -r**3 - 22*r**2 + 18. Let c be i(n). Let b be (29 - c)/((-2)/(-10)). What is the greatest common factor of b and 5?
5
Let h be 4/(-200)*-10 + 88/10. Let q be ((-14)/(-6))/(22/66). Suppose 47 + 16 = q*j. Calculate the highest common factor of j and h.
9
Suppose 3*p - g = -p + 10299, 0 = -5*p - 4*g + 12900. What is the greatest common divisor of p and 224?
112
Suppose -80 = -w - 5*b - 5, 5*w - 3*b - 235 = 0. Let s = 74 - w. Suppose s = -5*m + 1494. Calculate the greatest common divisor of 42 and m.
42
Let g(l) = -3*l + 53. Let f(v) = -69*v - 56. Let s be f(-1). Let a be g(s). Calculate the greatest common divisor of a and 238.
14
Let m = 860 + -673. Calculate the greatest common factor of 5984 and m.
187
Suppose -4*n - 20 = 0, -3*d - 39 + 97 = -2*n. Suppose -6*k + d = -2*k. Suppose 0 = k*r - 8, r - 16 = -5*x + 246. What is the highest common factor of x and 4?
4
Let r(a) = -a**3 - 6*a**2 - a - 3. Let k be r(-3). Let c be (-1101)/k - 6/(-27). Let g = 542 - 214. What is the highest common divisor of g and c?
41
Suppose 18*g - 3*v - 834 = 15*g, v + 5 = 0. Calculate the greatest common divisor of 221 and g.
13
Suppose -2*q + q + 4*m + 30 = 0, -4*q + 120 = 4*m. Suppose -669 = -18*u + 1491. What is the highest common divisor of q and u?
30
Suppose -9*z + 1542 = -2*v, 0 = 5*z + 3*v - 8*v - 880. Calculate the greatest common divisor of z and 160.
10
Suppose 5*q - 50 = -2*b, -3*q + 47 = -3*b - 4. Let y(n) = -n**3 + 13*n**2 + 7*n + 30. Let g be y(q). What is the highest common divisor of 6 and g?
6
Suppose 4 = -4*j, 99 - 72 = 4*x - 3*j. Calculate the highest common factor of 1740 and x.
6
Suppose -4*u - 5*p = -1000, 4*p = 3*u - 816 + 66. Suppose -8 = -b + t, -6*t - 10 = b - t. What is the highest common factor of b and u?
5
Let n be (24/(-14))/(10/(-315)). Suppose 36503 - 11146 = 38*a - 9527. Calculate the highest common divisor of a and n.
54
Suppose 0 = 15*q + 1857 - 4707. Calculate the greatest common divisor of q and 722.
38
Suppose -3*h = 2*b - 3426, 5*h - 2295 = 4*b - 9147. Suppose -3*l - 4*k + 8*k = -b, 3*k - 2259 = -4*l. What is the greatest common divisor of 126 and l?
63
Suppose -11*d = -10*d - 880. Let q(t) = 4 - 4 + 862*t - d*t. Let b be q(-1). Calculate the highest common divisor of 18 and b.
18
Let q = -1786 - -1975. What is the greatest common factor of 224 and q?
7
Let g(p) = p**2 + 32*p + 90. Let k be g(-29). Suppose -75 - k = -6*m. Calculate the highest common divisor of m and 104.
13
Let s(k) = 2*k**2 - 45*k + 88. Let l be s(22). Let i = 14 + -10. Suppose 2*c + 5*m = m - i, 5*m = 4*c - 44. Calculate the greatest common divisor of l and c.
6
Let s be (0 + 0)*1 - 31/(-1). Suppose -125 = 26*v - s*v. Calculate the highest common divisor of v and 225.
25
Let x = -16605 + 17053. Let g = -1 - -15. Calculate the highest common divisor of g and x.
14
Suppose 5*p - 4*l - 111 = 0, 3*p = -8*l + 10*l + 65. Calculate the highest common divisor of p and 893.
19
Let d(v) = 78*v**3 - 2025*v**2 - 70*v - 172. Let m be d(26). Suppose -2*x + 3 + 105 = 0. Calculate the greatest common factor of x and m.
18
Let p = 85 - 66. Suppose -7*j - 30 - p = 0. Let w = j + 47. What is the highest common factor of 20 and w?
20
Let k = -34 + 36. Let g(t) = -4*t + 2*t**3 + 3*t**k + 8 + 2*t**3 - 8*t**2. Let h be g(4). What is the highest common factor of 24 and h?
24
Let m(s) = 177*s**2 - 420*s + 420. Let d be m(1). Calculate the highest common factor of d and 29559.
177
Suppose -6*p + 40870 = -5*z, 2*p + 31*z = 28*z + 13642. Calculate the highest common divisor of p and 705.
235
Let p(r) = 4*r - 5. Let s be p(2). Suppose 0 = s*o + 5*o - 160. Suppose -25 = -5*f + o. Calculate the greatest common divisor of f and 9.
9
Let p(u) = -28*u - 16. Let v be p(-7). Let z(a) = -a**3 + 16*a**2 + 32*a + 180. Let j be z(18). Calculate the highest common factor of j and v.
36
Let w = 9021 - 5843. What is the highest common factor of 21 and w?
7
Suppose -o = 2*y - 186, -5*y = 7*o - 5*o - 465. What is the highest common divisor of 138 and y?
3
Let w = -142 + 138. Suppose 11*a - 6*a - 30 = 0. Let y = a - w. Calculate the greatest common factor of 100 and y.
10
Suppose d + r - 12 = -2*r, 0 = 3*d - 2*r + 19. Let l be d + (-4449)/(-12) + (-23)/(-92). What is the greatest common factor of 16 and l?
16
Let y be -3*((-12)/21)/(4/14). Let f be (-542)/(-54)*y + (-8)/36. What is the highest common factor of f and 160?
20
Let i be 127/(-4)*(-16)/(-4)*-1. Suppose 120 = 4*w + 3*k - i, 5*k - 177 = -3*w. Suppose -4*n + 196 = -w. Calculate the highest common divisor of n and 5.
5
Let c be 44 + -41 + (354 - (3 - 3)). What is the highest common divisor of 85 and c?
17
Let d be (106/(-14))/((-5)/35). Suppose 2*k - d = c, -5*c + 20 + 27 = 3*k. What is the highest common factor of k and 36?
12
Suppose 0 = -112*q + 92*q + 460. Suppose -q*h + 884 = 11*h. Suppose -2*d = d - 2*i - 185, 3*i = 2*d - 115. What is the greatest common factor of d and h?
13
Let k = 94 - 30. Suppose 12*i - 7184 = 28*i. Let x = i - -457. What is the highest common divisor of x and k?
8
Let t(v) = 5*v**2 + 3*v - 3. Let g be t(-6). Suppose -5*o = -z + 699 - 53, 3*o + 382 = -5*z. Let k = g + o. What is the greatest common factor of 270 and k?
30
Let q = -7575 - -7911. What is the greatest common factor of q and 399?
21
Let i(n) = n**2 + n - 16. Let p be i(7). Let j = 55 - p. Calculate the greatest common factor of 15 and j.
15
Let o be 1*(5/10 - (-58)/4). Let y(j) = -98*j - 25. Let m be y(-5). What is the highest common factor of m and o?
15
Suppose -46*y - 356 = -z - 43*y, -3*z + 1040 = -2*y. Let m(o) = o**3 + 9*o**2 + 9*o + 8. Let i be m(-7). What is the highest common divisor of z and i?
43
Suppose -2*d + 96 = -5*y, -d - 109*y = -104*y - 18. Calculate the highest common factor of 2242 and d.
38
Suppose 0 = -2*h + 2*n - 40, 7*h + 4*n = 2*h - 73. Let t = 22 - h. Let w be 36/65 + 6/(-15) - 2052330/(-39585). What is the greatest common divisor of t and w?
13
Let x = -538 + 8013. What is the greatest common divisor of x and 52?
13
Let m(j) = -22*j + 81. Let x be m(-12). Suppose x = 13*o - 669. What is the greatest common divisor of 52 and o?
26
Let i be ((-216)/40 - -7)*(-1095)/(-12). What is the greatest common factor of 10 and i?
2
Suppose -12*r + 235 + 2184 = -3629. What is the greatest common factor of 1848 and r?
168
Suppose 32*t - 119610 = -22*t. Calculate the greatest common factor of 5 and t.
5
Let d(h) = 407*h + 20. Let z be d(0). Suppose 49 + 15 = 2*t. What is the greatest common divisor of t and z?
4
Let b(t) be the second derivative of t**4/2 - 55*t**3/3 - 10*t**2 - t + 28. Let y be b(19). Calculate the highest common factor of 56 and y.
56
Let v = 457 - 97. Let p be (-1)/((10/v)/((-3)/4)). Calculate the greatest common divisor of p and 9.
9
Let n = -132 + 422. Suppose 0 = 4*t - t + 3*a - 228, 4*t - n = 3*a. Let m be 109 - 3/6*-4. Calculate the greatest common divisor of t and m.
37
Suppose -9*z = -662 - 5512. Calculate the greatest common divisor of 28 and z